 (base 5) to base 15
1b
Convert 11 (base 14) to base 2.
1111
-112 (base 3) to base 11
-13
Convert -60 (base 8) to base 7.
-66
Convert 10 (base 14) to base 7.
20
What is 1 (base 9) in base 3?
1
What is 0 (base 11) in base 8?
0
What is -12 (base 4) in base 15?
-6
What is -12 (base 7) in base 4?
-21
4 (base 6) to base 2
100
61 (base 12) to base 11
67
-24 (base 8) to base 16
-14
Convert 4 (base 15) to base 12.
4
Convert 11 (base 2) to base 8.
3
What is -10 (base 7) in base 2?
-111
What is -17a (base 12) in base 2?
-11101110
Convert -4 (base 15) to base 12.
-4
What is 1541 (base 6) in base 15?
1d1
What is -9 (base 13) in base 6?
-13
Convert 54 (base 15) to base 8.
117
-14 (base 7) to base 12
-b
Convert 25 (base 13) to base 15.
21
Convert 4e (base 16) to base 10.
78
-48 (base 15) to base 9
-75
Convert 33 (base 6) to base 13.
18
What is -4 (base 8) in base 9?
-4
-119 (base 15) to base 9
-306
What is 0 (base 15) in base 3?
0
15 (base 8) to base 6
21
Convert -47 (base 11) to base 14.
-39
What is -10321 (base 4) in base 3?
-102121
Convert 32 (base 5) to base 16.
11
What is 1b (base 16) in base 5?
102
Convert 11 (base 11) to base 16.
c
Convert 1000 (base 2) to base 6.
12
-15 (base 16) to base 10
-21
Convert -4 (base 7) to base 16.
-4
What is a (base 15) in base 4?
22
What is -9 (base 12) in base 13?
-9
Convert 1 (base 12) to base 8.
1
Convert 301 (base 6) to base 9.
131
101 (base 2) to base 11
5
What is 3 (base 7) in base 13?
3
What is 10 (base 12) in base 13?
c
Convert -3 (base 13) to base 16.
-3
-a (base 15) to base 7
-13
What is 2212 (base 3) in base 13?
5c
14 (base 8) to base 11
11
What is 23 (base 4) in base 13?
b
What is 69 (base 15) in base 6?
243
What is -54 (base 14) in base 6?
-202
What is -125 (base 13) in base 7?
-404
-56 (base 8) to base 11
-42
What is -540 (base 6) in base 14?
-108
4 (base 5) to base 13
4
Convert -18 (base 13) to base 3.
-210
122 (base 3) to base 12
15
What is 1b (base 13) in base 8?
30
Convert -6 (base 16) to base 5.
-11
Convert -2 (base 9) to base 2.
-10
-26 (base 9) to base 14
-1a
1 (base 12) to base 4
1
What is -1 (base 7) in base 5?
-1
What is 524 (base 6) in base 13?
121
3 (base 4) to base 6
3
-1 (base 11) to base 5
-1
-2 (base 15) to base 14
-2
d (base 15) to base 3
111
2 (base 13) to base 8
2
Convert -15 (base 7) to base 10.
-12
What is -4a (base 12) in base 9?
-64
19 (base 15) to base 12
20
11 (base 4) to base 7
5
Convert 16 (base 9) to base 4.
33
-3 (base 16) to base 11
-3
-10001 (base 2) to base 3
-122
Convert -2 (base 12) to base 10.
-2
1 (base 14) to base 8
1
What is -6 (base 10) in base 12?
-6
What is -77 (base 15) in base 4?
-1300
What is -2 (base 5) in base 6?
-2
20 (base 5) to base 12
a
2 (base 15) to base 12
2
-1111 (base 2) to base 14
-11
Convert -134 (base 9) to base 2.
-1110000
Convert -6 (base 15) to base 11.
-6
Convert 20 (base 16) to base 7.
44
-1 (base 11) to base 14
-1
Convert -12 (base 9) to base 12.
-b
Convert -110 (base 5) to base 9.
-33
What is -11000 (base 2) in base 8?
-30
3 (base 12) to base 10
3
-11 (base 15) to base 3
-121
What is -12 (base 13) in base 14?
-11
Convert 6 (base 11) to base 10.
6
-11 (base 10) to base 13
-b
What is -17 (base 13) in base 16?
-14
What is -225 (base 11) in base 13?
-179
What is 13 (base 4) in base 9?
7
Convert 10 (base 4) to base 14.
4
Convert -40 (base 15) to base 9.
-66
What is 4 (base 16) in base 15?
4
Convert 3 (base 7) to base 2.
11
What is 3 (base 12) in base 9?
3
Convert 0 (base 8) to base 10.
0
What is 134 (base 5) in base 8?
54
Convert 3f (base 16) to base 8.
77
What is 96 (base 16) in base 2?
10010110
-22000 (base 3) to base 4
-3120
Convert 3 (base 12) to base 3.
10
What is -4 (base 11) in base 3?
-11
-1 (base 5) to base 16
-1
Convert 0 (base 13) to base 12.
0
What is 11 (base 5) in base 10?
6
Convert b (base 13) to base 12.
b
What is -11 (base 9) in base 3?
-101
7 (base 13) to base 9
7
What is 139 (base 11) in base 13?
c7
What is -3 (base 5) in base 9?
-3
Convert 11 (base 10) to base 4.
23
What is -1 (base 2) in base 10?
-1
What is 81 (base 13) in base 10?
105
What is 14 (base 7) in base 16?
b
-110110 (base 2) to base 3
-2000
5 (base 9) to base 8
5
-4 (base 7) to base 9
-4
What is 2212 (base 4) in base 14?
bc
Convert -3 (base 9) to base 4.
-3
2 (base 9) to base 14
2
0 (base 2) to base 8
0
122 (base 3) to base 4
101
-21b (base 13) to base 8
-552
Convert 3 (base 13) to base 9.
3
Convert -1 (base 4) to base 10.
-1
What is 22 (base 13) in base 10?
28
What is -102 (base 7) in base 14?
-39
What is -7 (base 10) in base 2?
-111
What is -12 (base 10) in base 5?
-22
Convert 143 (base 7) to base 4.
1100
Convert 100 (base 3) to base 7.
12
What is -1110 (base 2) in base 10?
-14
Convert 22 (base 12) to base 14.
1c
132 (base 5) to base 14
30
Convert -30 (base 11) to base 15.
-23
Convert -52 (base 14) to base 7.
-132
Convert 11 (base 3) to base 16.
4
What is 2c (base 16) in base 9?
48
What is 0 (base 11) in base 9?
0
110 (base 3) to base 4
30
What is 2 (base 7) in base 9?
2
Convert 19 (base 16) to base 5.
100
-41 (base 9) to base 15
-27
3 (base 5) to base 3
10
Convert -152 (base 9) to base 6.
-332
-79 (base 12) to base 14
-69
Convert -5 (base 7) to base 15.
-5
101 (base 2) to base 6
5
Convert -3 (base 9) to base 6.
-3
Convert 200 (base 4) to base 6.
52
What is -5c (base 16) in base 12?
-78
What is 3 (base 4) in base 3?
10
1 (base 3) to base 8
1
2 (base 12) to base 15
2
Convert -4 (base 7) to base 13.
-4
What is -6 (base 8) in base 11?
-6
Convert 0 (base 6) to base 10.
0
Convert -2 (base 10) to base 7.
-2
Convert 10 (base 3) to base 2.
11
What is -244 (base 8) in base 10?
-164
Convert -5 (base 9) to base 2.
-101
Convert -1 (base 12) to base 13.
-1
What is -1111 (base 2) in base 12?
-13
-2011 (base 4) to base 11
-111
What is 2 (base 5) in base 4?
2
Convert -211 (base 4) to base 14.
-29
What is 1 (base 12) in base 15?
1
What is 178 (base 13) in base 2?
100001100
-3a (base 13) to base 5
-144
What is 25 (base 14) in base 5?
113
-2 (base 9) to base 6
-2
What is -31 (base 6) in base 10?
-19
-2 (base 9) to base 7
-2
9 (base 10) to base 3
100
Convert -2 (base 3) to base 2.
-10
2 (base 15) to base 11
2
What is -2 (base 11) in base 10?
-2
-122 (base 11) to base 7
-265
0 (base 14) to base 5
0
-3 (base 16) to base 15
-3
What is 178 (base 10) in base 8?
262
What is 15 (base 8) in base 5?
23
9 (base 15) to base 10
9
What is -8d (base 15) in base 6?
-341
Convert 5 (base 14) to base 12.
5
2 (base 12) to base 10
2
What is -1110 (base 3) in base 14?
-2b
What is -11 (base 4) in base 13?
-5
Convert 1 (base 9) to base 14.
1
What is -7 (base 13) in base 16?
-7
-146 (base 7) to base 9
-102
What is -110 (base 2) in base 4?
-12
5a (base 13) to base 9
83
Convert 38 (base 12) to base 4.
230
What is 3d (base 15) in base 14?
42
What is -11 (base 15) in base 7?
-22
What is -12 (base 10) in base 6?
-20
Convert 1ac (base 13) to base 14.
183
Convert 1010 (base 2) to base 12.
a
What is -11 (base 10) in base 9?
-12
Convert 15 (base 14) to base 11.
18
What is 10 (base 3) in base 8?
3
Convert 28 (base 9) to base 15.
1b
Convert 3 (base 10) to base 3.
10
What is 30 (base 4) in base 14?
c
What is 0 (base 10) in base 12?
0
What is -255 (base 7) in base 3?
-12010
302 (base 4) to base 10
50
Convert 121 (base 4) to base 15.
1a
Convert 1112 (base 3) to base 11.
38
79 (base 16) to base 11
100
Convert a (base 15) to base 13.
a
-1a (base 13) to base 15
-18
Convert 81 (base 11) to base 10.
89
What is -7 (base 14) in base 15?
-7
Convert -200 (base 3) to base 15.
-13
Convert 3 (base 6) to base 12.
3
What is 3 (base 14) in base 11?
3
Convert 140 (base 7) to base 9.
85
What is -2 (base 3) in base 2?
-10
9a (base 12) to base 3
11101
Convert 10 (base 15) to base 16.
f
What is 110 (base 10) in base 7?
215
Convert 113 (base 7) to base 3.
2012
-5 (base 14) to base 16
-5
-22 (base 3) to base 6
-12
20 (base 3) to base 8
6
Convert 121 (base 7) to base 3.
2101
Convert b3 (base 14) to base 2.
10011101
What is 100 (base 2) in base 14?
4
Convert 11100 (base 2) to base 16.
1c
What is 10 (base 3) in base 16?
3
Convert 23 (base 7) to base 11.
16
What is 410 (base 6) in base 9?
176
-2 (base 8) to base 4
-2
-6 (base 16) to base 5
-11
What is -2 (base 13) in base 3?
-2
What is 0 (base 4) in base 5?
0
-7 (base 14) to base 3
-21
201 (